{"id":9647,"date":"2018-07-08T23:05:26","date_gmt":"2018-07-08T21:05:26","guid":{"rendered":"http:\/\/immotion.com\/tutorial\/?page_id=9647"},"modified":"2024-04-04T00:48:35","modified_gmt":"2024-04-03T22:48:35","slug":"leistungen","status":"publish","type":"page","link":"https:\/\/www.immotion.com\/architektur\/leistungen\/","title":{"rendered":"Leistungen"},"content":{"rendered":"<div id=\"dslc-theme-content\"><div id=\"dslc-theme-content-inner\"><div class=\"wpb_text_column wpb_content_element \">\n<div class=\"wpb_wrapper\">\n<h4>Unser Leistungsspektrum umfasst<\/h4>\n<p>Generalplanung<br \/>\nPlanungsleistungen der Leistungsphasen 1-9 f\u00fcr Objekt und Innenr\u00e4ume nach HOAI \u00a7 34, dh. Architektur und Innenarchitektur<br \/>\nLeistungen im Bereich Projektsteuerung und Projektcontrolling<br \/>\nBeratung<br \/>\nDue Diligence<br \/>\nBau\u00fcberwachung<br \/>\nObjektbetreuung<\/p>\n<p>Planungsaufgaben werden mit einem hohen Anspruch an Nutzen, Individualit\u00e4t und Nachhaltigkeit erf\u00fcllt. Mit der \u00dcbernahme von Projektmanagementaufgaben und Controlling werden Qualit\u00e4tssicherung, Kosten- und Terminsicherheit gew\u00e4hrleistet. Die Kooperation mit eingespielten Fachplanern f\u00fchrt zu einer hohen Arbeitseffizienz.<\/p>\n<p><strong>Nutzungsspezifische Typologien<\/strong>Verwaltung<br \/>\nKindertagesst\u00e4tte<br \/>\nSchulbau<br \/>\nShopping Center<br \/>\nLadenbau<br \/>\nIndustrie- und Gewerbebau<br \/>\nGesundheit, \u00c4rtzehaus<br \/>\nIndividueller Wohnungsbau, Einfamilienhaus, Mehrfamilienhaus<br \/>\nSozialer Wohnungsbau<br \/>\nNeubau<br \/>\nUmbau, Bauen im Bestand<br \/>\nSanierung, Altbau<\/p>\n<\/div>\n<\/div>\n<div class=\"wpb_text_column wpb_content_element \">\n<div class=\"wpb_wrapper\">\n<p>Unsere Dienstleistung wird mit den Auftraggebern individuell auf das jeweilige Projekt abgestimmt.<\/p>\n<p><a href=\"https:\/\/www.gesetze-im-internet.de\/hoai_2013\/\" target=\"_blank\" rel=\"noopener\">Leistungsbilder gem\u00e4\u00df HOAI 2013<\/a><\/p>\n<\/div>\n<\/div>\n<div class=\"wpb_text_column wpb_content_element \">\n<div class=\"wpb_wrapper\">\n<h4>Die Leistungsbilder der Planungsleistungen Phase 1-9 HOAI<\/h4>\n<p><strong>1. Grundlagenermittlung<\/strong><\/p>\n<p>Ermitteln der Voraussetzungen zur L\u00f6sung der Bauaufgabe<br \/>\nBeratung zum Leistungsbedarf<br \/>\nFormulierung der Entscheidungshilfen f\u00fcr die Auswahl anderer an der Planung fachlich Beteiligter<\/p>\n<p><strong>2. Vorplanung<\/strong><\/p>\n<p>Erarbeiten der wesentlichen Teile einer L\u00f6sung der Planaufgabe<br \/>\nZielvorstellungen, Programmziele, Planungskonzept, Kl\u00e4rung aller wesentlichen st\u00e4dtebaulichen, gestalterischen, funktionalen, technischen und wirtschaftlichen Zusammenh\u00e4nge<\/p>\n<p><strong>3. Entwurfsplanung<\/strong><\/p>\n<p>Erarbeiten einer endg\u00fcltigen L\u00f6sung der Planaufgabe, zeichnerische Darstellung des Gesamtentwurfs, Kostenberechnung<\/p>\n<p><strong>4. Genehmigungsplanung<\/strong><\/p>\n<p>Erarbeiten und Einreichen der Vorlagen f\u00fcr die erforderlichen Genehmigungen oder beh\u00f6rdlichen Zustimmungen<\/p>\n<p><strong>5. Ausf\u00fchrungsplanung<\/strong><\/p>\n<p>Erarbeiten und Darstellen der auszuf\u00fchrenden Planungsl\u00f6sungen einschlie\u00dflich Erarbeitung der Ausf\u00fchrungsdetails, Detaillierte Objektbeschreibung<\/p>\n<p><strong>6. Vorbereitung Vergabe<\/strong><\/p>\n<p>Mengenermittlung, Erstellen der Leistungsverzeichnisse<\/p>\n<p><strong>7. Mitwirkung bei der Vergabe<\/strong><\/p>\n<p>Ermitteln der Kosten und Mitwirkung bei der Auftragsvergabe, Preisverhandlungen<\/p>\n<p><strong>8. Objekt\u00fcberwachung<\/strong><\/p>\n<p>\u00dcberwachung der Ausf\u00fchrung der Arbeiten am Objekt, Bauleitung<\/p>\n<p><strong>9. Objektbetreuung und Dokumentation<\/strong><\/p>\n<p>\u00dcberwachung der Beseitigung der M\u00e4ngel und Dokumentation des Gesamtergebnisses<\/p>\n<p><img loading=\"lazy\" decoding=\"async\" class=\"alignnone  wp-image-9665\" src=\"https:\/\/www.immotion.com\/architektur\/wp-content\/uploads\/2018\/07\/modell-300x203.jpg\" alt=\"\" width=\"706\" height=\"478\" srcset=\"https:\/\/www.immotion.com\/architektur\/wp-content\/uploads\/2018\/07\/modell-300x203.jpg 300w, https:\/\/www.immotion.com\/architektur\/wp-content\/uploads\/2018\/07\/modell-768x520.jpg 768w, https:\/\/www.immotion.com\/architektur\/wp-content\/uploads\/2018\/07\/modell-1024x693.jpg 1024w\" sizes=\"auto, (max-width: 706px) 100vw, 706px\" \/><\/p>\n<\/div>\n<\/div>\n<\/div><\/div>","protected":false},"excerpt":{"rendered":"<p>Unser Leistungsspektrum umfasst Generalplanung Planungsleistungen der Leistungsphasen 1-9 f\u00fcr Objekt und Innenr\u00e4ume nach HOAI \u00a7 34, dh. Architektur und Innenarchitektur Leistungen im Bereich Projektsteuerung&hellip;<\/p>\n<p> <a class=\"more-link\" href=\"https:\/\/www.immotion.com\/architektur\/leistungen\/\">Read more<\/a><\/p>\n","protected":false},"author":1,"featured_media":0,"parent":0,"menu_order":0,"comment_status":"closed","ping_status":"closed","template":"","meta":{"footnotes":""},"class_list":["post-9647","page","type-page","status-publish","hentry"],"_links":{"self":[{"href":"https:\/\/www.immotion.com\/architektur\/wp-json\/wp\/v2\/pages\/9647","targetHints":{"allow":["GET"]}}],"collection":[{"href":"https:\/\/www.immotion.com\/architektur\/wp-json\/wp\/v2\/pages"}],"about":[{"href":"https:\/\/www.immotion.com\/architektur\/wp-json\/wp\/v2\/types\/page"}],"author":[{"embeddable":true,"href":"https:\/\/www.immotion.com\/architektur\/wp-json\/wp\/v2\/users\/1"}],"replies":[{"embeddable":true,"href":"https:\/\/www.immotion.com\/architektur\/wp-json\/wp\/v2\/comments?post=9647"}],"version-history":[{"count":24,"href":"https:\/\/www.immotion.com\/architektur\/wp-json\/wp\/v2\/pages\/9647\/revisions"}],"predecessor-version":[{"id":9919,"href":"https:\/\/www.immotion.com\/architektur\/wp-json\/wp\/v2\/pages\/9647\/revisions\/9919"}],"wp:attachment":[{"href":"https:\/\/www.immotion.com\/architektur\/wp-json\/wp\/v2\/media?parent=9647"}],"curies":[{"name":"wp","href":"https:\/\/api.w.org\/{rel}","templated":true}]}}