{"id":9790,"date":"2019-01-21T00:25:37","date_gmt":"2019-01-20T23:25:37","guid":{"rendered":"http:\/\/immotion.com\/tutorial\/?page_id=9790"},"modified":"2024-04-04T00:41:27","modified_gmt":"2024-04-03T22:41:27","slug":"referenzen","status":"publish","type":"page","link":"https:\/\/www.immotion.com\/architektur\/referenzen\/","title":{"rendered":"Referenzen"},"content":{"rendered":"<div id=\"dslc-theme-content\"><div id=\"dslc-theme-content-inner\"><h4><b><img loading=\"lazy\" decoding=\"async\" class=\"alignnone  wp-image-9885\" src=\"https:\/\/www.immotion.com\/architektur\/wp-content\/uploads\/2022\/12\/all1-300x269.png\" alt=\"\" width=\"651\" height=\"584\" srcset=\"https:\/\/www.immotion.com\/architektur\/wp-content\/uploads\/2022\/12\/all1-300x269.png 300w, https:\/\/www.immotion.com\/architektur\/wp-content\/uploads\/2022\/12\/all1-1024x919.png 1024w, https:\/\/www.immotion.com\/architektur\/wp-content\/uploads\/2022\/12\/all1-768x689.png 768w, https:\/\/www.immotion.com\/architektur\/wp-content\/uploads\/2022\/12\/all1-1536x1379.png 1536w, https:\/\/www.immotion.com\/architektur\/wp-content\/uploads\/2022\/12\/all1.png 1750w\" sizes=\"auto, (max-width: 651px) 100vw, 651px\" \/><\/b><\/h4>\n<h4><b>Architektur<\/b><\/h4>\n<p>MFH, Eisenacher Stra\u00dfe, Leipzig<br \/>\nEFH, Bremen<br \/>\nMFH, Radebeul<br \/>\nDenkmal Forstgut P\u00f6llwitz<br \/>\nHaus Knajder, EFH, Wolfen<br \/>\nEinbauten Fitnessstudio, Leipzig<br \/>\nUmbau Bauernhof zu einer Pension, Radefeld<br \/>\nSanierung Gewerbeeinheit August-Bebel-Stra\u00dfe, Leipzig<br \/>\nUmgestaltung Au\u00dfenanlage, August-Bebel-Stra\u00dfe, Leipzig<br \/>\nVerschiedene Renovierungs- und Sanierungsvorhaben f\u00fcr Hausverwaltungen<br \/>\nVerschiedene Renovierungs- und Sanierungsvorhaben f\u00fcr private Eigent\u00fcmer<br \/>\nStadtplanung Stadtumbau Ost (f\u00fcr Projektgruppe Stadt und Entwicklung)<br \/>\nMFH 60er Jahre, N\u00fcrnberg<br \/>\nMFH, Innenstadt N\u00fcrnberg<br \/>\nMFH Sch\u00fctzenstra\u00dfe, Leipzig<br \/>\nMFH, Leplaystra\u00dfe, Leipzig<br \/>\nMFH, Ferdinand-Rhode-Stra\u00dfe, Leipzig<br \/>\n\u00c4rztehaus Rackwitz<br \/>\nFerienh\u00e4user Dar\u00df<\/p>\n<h4><b>Schulbau<\/b><\/h4>\n<p>Umbau f\u00fcr einen Bildungstr\u00e4ger in Jena, BGF 3.100 qm<br \/>\nUmbau f\u00fcr einen Bildungstr\u00e4ger in Leipzig Innenstadt, BGF 600 qm<br \/>\nSanierung Grund- und Mittelschule<br \/>\nSchulmensa, Wettbewerb<\/p>\n<h4><b>Gewerbe, B\u00fcro, Retail<\/b><\/h4>\n<p><a name=\"Anchor-Bitterfeld-4957511\"><\/a> Einkaufsmarkt \/ Einkaufszentrum Umbau, Erweiterung<br \/>\nTiefk\u00fchlhaus Brandenburg<br \/>\nEinkaufsmarkt; EKZ Sch\u00f6nebeck, Umbau, Erweiterung, BGF ca. 5.500qm<br \/>\nL\u00f6\u00dfnitzperle, Radebeul<br \/>\nWerbeanlagen Delitzsch<br \/>\nLeubnitztreff, Dresden<br \/>\nProhliszentrum, Dresden<br \/>\nColumbus Center, Jena<br \/>\nInstandsetzung, Modernisierung Hotel, Leipzig<br \/>\nVerkaufsstand Freifl\u00e4che Halle<br \/>\nErweiterung Lebensmittellogistik mit Tiefk\u00fchllager und B\u00fcrofl\u00e4chen, Wei\u00dfenfels<\/p>\n<h4><b>Industrie<\/b><\/h4>\n<p>Logistikhalle, Leipzig, BGF 7.000qm<br \/>\nverschiedene Industriegeb\u00e4ude, Produktions- und Logistikfl\u00e4chen<\/p>\n<h4><b><img loading=\"lazy\" decoding=\"async\" class=\"alignnone  wp-image-9899\" src=\"https:\/\/www.immotion.com\/architektur\/wp-content\/uploads\/2022\/12\/all2-Kopie-300x269.jpg\" alt=\"\" width=\"649\" height=\"582\" srcset=\"https:\/\/www.immotion.com\/architektur\/wp-content\/uploads\/2022\/12\/all2-Kopie-300x269.jpg 300w, https:\/\/www.immotion.com\/architektur\/wp-content\/uploads\/2022\/12\/all2-Kopie-1024x918.jpg 1024w, https:\/\/www.immotion.com\/architektur\/wp-content\/uploads\/2022\/12\/all2-Kopie-768x689.jpg 768w, https:\/\/www.immotion.com\/architektur\/wp-content\/uploads\/2022\/12\/all2-Kopie-1536x1377.jpg 1536w, https:\/\/www.immotion.com\/architektur\/wp-content\/uploads\/2022\/12\/all2-Kopie.jpg 1749w\" sizes=\"auto, (max-width: 649px) 100vw, 649px\" \/><\/b><\/h4>\n<h4>Innenarchitektur<\/h4>\n<p>Design und Ausbau Verkaufsfl\u00e4che H\u00f6rakustik Neubert, Leipzig<br \/>\nAusbau Verkaufsfl\u00e4che Sanit\u00e4tshaus Borgmann, Leipzig<br \/>\nAusbau Arztpraxis, Dr. Hezel<br \/>\nZahnarztpraxis, Merseburg<br \/>\nDesign und Ausbau Gr\u00fcnderzeitwohnung, Poolbau, Holzschuh<br \/>\nDesign und Umbau Besuchergang Waschstra\u00dfe, ARAL<br \/>\nRIGIPS TROPHY 07 \/\/\/ Kategorie Trockenbau<br \/>\nDesign und Ausbau Friseursalon, Leipzig<br \/>\nWellness f\u00fcr einen privaten Eigent\u00fcmer<br \/>\nGANOS Kaffeer\u00f6sterei, Dittrichring, Leipzig<\/p>\n<h4><b>Technische Due Diligence<\/b><\/h4>\n<p>Einkaufsmarkt \/ Einkaufszentrum Wurzen<br \/>\nEinkaufsmarkt \/ Einkaufszentrum Dessau<br \/>\nEinkaufsmarkt \/ Einkaufszentrum Bitterfeld<\/p>\n<h4><b>Projektsteuerung \/ LPM<\/b><\/h4>\n<p>Sanierung und Modernisierung Erweilhof, Dresden, BGF 4.000qm, 80 WE<br \/>\nAusf\u00fchrung Klimatechnik\/Spitzenk\u00fchlung, Dresden, BGF 20.000 qm<br \/>\nNeubau Reifenlagerhalle mit B\u00fcro, Straubing-Sand, BGF 35.000 qm<br \/>\nStadtteilzentrum mit Parkdeck, Dresden, BGF 19.500qm<br \/>\nEinkaufszentrum mit Parkdeck, Dresden, BGF 4.200qm<br \/>\nB-Plan\u00e4nderung Fachmarktzentrum Delitzsch<\/p>\n<h4><b>Baubetreuung \/ LPM<\/b><\/h4>\n<p>Fassadensanierung B\u00fcrogeb\u00e4ude, BGF 4.000qm, Magdeburg<br \/>\nB\u00fcro- und Gesch\u00e4ftshaus mit Tiefgarage, BGF 25.000qm, Dresden<\/p>\n<h4><b>Projektcontrolling \/ LPM<\/b><\/h4>\n<p>Neubau Verwaltungsgeb\u00e4ude mit Tiefgarage, BGF 50.500qm, Kronberg<br \/>\nWohnanlage mit Tiefgarage, BGF 16.743 qm, Dresden<br \/>\nDenkmalgesch\u00fctztes B\u00fcro-, Gesch\u00e4fts- und Wohnhaus, BGF 3.600qm, Bautzen<\/p>\n<h4><b>Gutachten \/ Bewertungen \/ Entwicklung<\/b><\/h4>\n<p>C&amp;A Bochum<br \/>\nRittergut Voigsthain, Vorpr\u00fcfung, Bestandsanalyse, Aufmass<br \/>\nStudie Umnutzung \/ Neubau Aromafabrik, Leipzig<br \/>\nRentabilit\u00e4tsstudie Altenheim \/ Betreutes Wohnen, Leipzig<br \/>\nMachbarkeit Umbau Gewerbeeinheit Fitnessstudio, Schkeuditz<br \/>\nMachbarkeitsstudie Verkaufsfl\u00e4che \/ B\u00fcro Galerieeinbau, Unister, Leipzig<\/p>\n<p><img loading=\"lazy\" decoding=\"async\" class=\"alignnone  wp-image-9796\" src=\"https:\/\/www.immotion.com\/architektur\/wp-content\/uploads\/2019\/01\/ref5_weba-300x161.gif\" alt=\"\" width=\"658\" height=\"353\" srcset=\"https:\/\/www.immotion.com\/architektur\/wp-content\/uploads\/2019\/01\/ref5_weba-300x161.gif 300w, https:\/\/www.immotion.com\/architektur\/wp-content\/uploads\/2019\/01\/ref5_weba-768x412.gif 768w\" sizes=\"auto, (max-width: 658px) 100vw, 658px\" \/><\/p>\n<\/div><\/div>","protected":false},"excerpt":{"rendered":"<p>Architektur MFH, Eisenacher Stra\u00dfe, Leipzig EFH, Bremen MFH, Radebeul Denkmal Forstgut P\u00f6llwitz Haus Knajder, EFH, Wolfen Einbauten Fitnessstudio, Leipzig Umbau Bauernhof zu einer Pension,&hellip;<\/p>\n<p> <a class=\"more-link\" href=\"https:\/\/www.immotion.com\/architektur\/referenzen\/\">Read more<\/a><\/p>\n","protected":false},"author":1,"featured_media":0,"parent":0,"menu_order":0,"comment_status":"closed","ping_status":"closed","template":"","meta":{"footnotes":""},"class_list":["post-9790","page","type-page","status-publish","hentry"],"_links":{"self":[{"href":"https:\/\/www.immotion.com\/architektur\/wp-json\/wp\/v2\/pages\/9790","targetHints":{"allow":["GET"]}}],"collection":[{"href":"https:\/\/www.immotion.com\/architektur\/wp-json\/wp\/v2\/pages"}],"about":[{"href":"https:\/\/www.immotion.com\/architektur\/wp-json\/wp\/v2\/types\/page"}],"author":[{"embeddable":true,"href":"https:\/\/www.immotion.com\/architektur\/wp-json\/wp\/v2\/users\/1"}],"replies":[{"embeddable":true,"href":"https:\/\/www.immotion.com\/architektur\/wp-json\/wp\/v2\/comments?post=9790"}],"version-history":[{"count":30,"href":"https:\/\/www.immotion.com\/architektur\/wp-json\/wp\/v2\/pages\/9790\/revisions"}],"predecessor-version":[{"id":9911,"href":"https:\/\/www.immotion.com\/architektur\/wp-json\/wp\/v2\/pages\/9790\/revisions\/9911"}],"wp:attachment":[{"href":"https:\/\/www.immotion.com\/architektur\/wp-json\/wp\/v2\/media?parent=9790"}],"curies":[{"name":"wp","href":"https:\/\/api.w.org\/{rel}","templated":true}]}}